 what is 4 + 3a1?
3a5
In base 15, what is -3 - 1ce?
-1d2
In base 14, what is 75c + 3?
761
In base 6, what is -41 + -52?
-133
In base 16, what is 3 - -16?
19
In base 15, what is 1 + 261?
262
In base 12, what is -49 - -1?
-48
In base 13, what is -10 - a?
-1a
In base 16, what is 670 + -3?
66d
In base 4, what is 1030130 - 10?
1030120
In base 4, what is -2 - 12132?
-12200
In base 8, what is -7 - -573?
564
In base 7, what is -1 + 2130?
2126
In base 7, what is 136 + -10?
126
In base 15, what is 3e - 2?
3c
In base 7, what is 3 + -52?
-46
In base 2, what is -10 - 11110?
-100000
In base 10, what is -1 - 105?
-106
In base 6, what is -3 - 2230?
-2233
In base 5, what is 0 - -44?
44
In base 7, what is 2 + 156?
161
In base 5, what is -1322 - 1?
-1323
In base 2, what is 101 - -100111?
101100
In base 5, what is -13 + -44?
-112
In base 16, what is -2 + 26?
24
In base 3, what is -22112 + 20?
-22022
In base 15, what is -119 - 0?
-119
In base 8, what is -100 - 32?
-132
In base 16, what is -2876 - 3?
-2879
In base 13, what is -477 + -4?
-47b
In base 7, what is 5541 - -3?
5544
In base 5, what is 4 - -134110?
134114
In base 3, what is 10222202 - 2?
10222200
In base 11, what is 5 + -2043?
-2039
In base 6, what is 33 - -20?
53
In base 12, what is -36 + -23?
-59
In base 14, what is 3a - -27?
63
In base 15, what is 28ba + -5?
28b5
In base 16, what is 45 - -2?
47
In base 6, what is -22 + -24?
-50
In base 9, what is -266 + -22?
-288
In base 13, what is -73 - 7?
-7a
In base 13, what is 2 + -121a?
-1218
In base 3, what is -12000 + 10?
-11220
In base 6, what is 5 + 44?
53
In base 9, what is 2 - 3483?
-3481
In base 14, what is -c - ac?
-ba
In base 8, what is 2 + -1102?
-1100
In base 7, what is -1 - -261?
260
In base 6, what is 141 - 1143?
-1002
In base 5, what is -11 + -21131?
-21142
In base 2, what is -100 + 1100001010011?
1100001001111
In base 14, what is 0 + 9b?
9b
In base 16, what is -640 - -2?
-63e
In base 8, what is -11 - 522?
-533
In base 14, what is -c - -5a?
4c
In base 11, what is 8 + 57?
64
In base 15, what is a + -26?
-1b
In base 3, what is 110 + 1?
111
In base 13, what is 2882 - 3?
287c
In base 14, what is -79b - 0?
-79b
In base 6, what is 2 - -105?
111
In base 13, what is 24a - 0?
24a
In base 10, what is -307 - 2?
-309
In base 15, what is 0 + 91a?
91a
In base 9, what is 3 - -33?
36
In base 6, what is -123 - -1?
-122
In base 12, what is 28 - -6a?
96
In base 6, what is 1121 - 3?
1114
In base 11, what is 1a - -227?
246
In base 7, what is 1 + 2140?
2141
In base 11, what is -2 - 2605?
-2607
In base 13, what is -6 - 16?
-1c
In base 11, what is -55 + -10?
-65
In base 3, what is 11122110 + 11?
11122121
In base 9, what is 11 + -3?
7
In base 9, what is 576 + -14?
562
In base 11, what is -1 - 3254?
-3255
In base 3, what is 112 + 10?
122
In base 7, what is -4230 + -5?
-4235
In base 13, what is c + 84?
93
In base 7, what is -4 - 1104?
-1111
In base 4, what is -10 - -20?
10
In base 7, what is -610 + -1?
-611
In base 3, what is 112021202 + -11?
112021121
In base 3, what is -1 + -1100012?
-1100020
In base 7, what is 0 + -1003?
-1003
In base 7, what is 0 - 1242?
-1242
In base 5, what is 3 - 102?
-44
In base 13, what is -186 - -3?
-183
In base 4, what is 13021 - 1?
13020
In base 4, what is -203 - -10?
-133
In base 3, what is 1002 + 101101?
102110
In base 9, what is -8 + -807?
-816
In base 16, what is -4 + 737?
733
In base 8, what is -617 - -3?
-614
In base 10, what is 2 - 216?
-214
In base 7, what is -261 - 100?
-361
In base 13, what is -3297 + -5?
-329c
In base 4, what is -12 + 113?
101
In base 6, what is -44 - 12?
-100
In base 15, what is -5 + 319?
314
In base 3, what is 1111 - 1100?
11
In base 3, what is 20011 + -122?
12112
In base 8, what is -404 - 3?
-407
In base 5, what is -20423 + 10?
-20413
In base 13, what is 333 - -3?
336
In base 12, what is 4 - -76?
7a
In base 7, what is 10 - -14?
24
In base 5, what is -2 - 24032?
-24034
In base 13, what is 653 - 0?
653
In base 13, what is 24 + 1c?
43
In base 5, what is -2 - -223?
221
In base 5, what is -204 - -3?
-201
In base 11, what is -192 + 5?
-188
In base 13, what is 18 + -1b?
-3
In base 12, what is -528 - -15?
-513
In base 5, what is 4 + 233?
242
In base 16, what is -5 + -18?
-1d
In base 12, what is -18 - 18?
-34
In base 9, what is 6 + 50?
56
In base 9, what is -1 - -5816?
5815
In base 2, what is -1001110000 + -11110?
-1010001110
In base 13, what is 5 + -a91?
-a89
In base 16, what is 5 - -156?
15b
In base 10, what is -1 + 359?
358
In base 13, what is -128 - -63?
-95
In base 9, what is -1 + 6?
5
In base 6, what is -15 - 2?
-21
In base 15, what is -2a - 4?
-2e
In base 13, what is -5 - -507?
502
In base 7, what is 2 - 14221?
-14216
In base 2, what is -1100 - -11011110?
11010010
In base 14, what is 1 - -254?
255
In base 11, what is a6 - -17?
112
In base 8, what is 312 - 4?
306
In base 14, what is -1 - 5a?
-5b
In base 12, what is 2 + 88?
8a
In base 16, what is 1d95 + 1?
1d96
In base 3, what is 1 + -122111?
-122110
In base 5, what is 0 + 303?
303
In base 10, what is -7 + 15?
8
In base 12, what is 1b - 7bb?
-7a0
In base 8, what is -4 + -1647?
-1653
In base 13, what is -48 + 40?
-8
In base 10, what is 13266 - 1?
13265
In base 10, what is -923 + 5?
-918
In base 16, what is 17 + -499?
-482
In base 11, what is -115a + 5?
-1155
In base 8, what is -165 - 12?
-177
In base 16, what is 1f + -b4?
-95
In base 9, what is 3544 - 4?
3540
In base 12, what is 17b7 + -2?
17b5
In base 14, what is -ba - 39?
-115
In base 11, what is 11 + -70?
-5a
In base 4, what is -13 - 103?
-122
In base 14, what is -13 + 31?
1c
In base 9, what is 5 + 340?
345
In base 12, what is -17 - 135?
-150
In base 11, what is -21 + -4?
-25
In base 9, what is 282 - -1?
283
In base 11, what is 4 + -217?
-213
In base 6, what is -34 - -103?
25
In base 10, what is 6 + 12?
18
In base 11, what is -250 + -5?
-255
In base 3, what is 22 - 1202?
-1110
In base 7, what is -1 + -1233?
-1234
In base 6, what is -12101 + -31?
-12132
In base 11, what is -1 + 169?
168
In base 4, what is -1020130 - -1?
-1020123
In base 16, what is 4 - d3?
-cf
In base 4, what is 1033112 + -11?
1033101
In base 5, what is -213 - -100?
-113
In base 15, what is 4 - 33?
-2e
In base 6, what is 1431 - -3?
1434
In base 15, what is 1dc + 5?
1e2
In base 14, what is -2ca - 5?
-2d1
In base 4, what is 3 + -1?
2
In base 10, what is -568 + -23?
-591
In base 6, what is -2030 + 5?
-2021
In base 8, what is -6441 - 5?
-6446
In base 9, what is -7 - 2?
-10
In base 11, what is 35 - -3?
38
In base 10, what is 8 - 6?
2
In base 4, what is 13000 - -1?
13001
In base 15, what is 6d - -2?
70
In base 10, what is -6 - -478?
472
In base 13, what is -5 - -c6?
c1
In base 4, what is 2 + 111?
113
In base 10, what is -576 - -1?
-575
In base 14, what is -33 + -71?
-a4
In base 5, what is -2222 - 2?
-2224
In base 9, what is -68 + -153?
-232
In base 7, what is 163 + 3?
166
In base 15, what is -26 - -1c?
-9
In base 14, what is 315 + -6?
30d
In base 12, what is -7 - 1?
-8
In base 12, what is -90 - -59?
-33
In base 15, what is -36 + 87?
51
In base 13, what is 9 + c4?
100
In base 16, what is 38d4 - -3?
38d7
In base 12, what is -138 - 0?
-138
In base 5, what is -2 + 14222?
14220
In base 16, what is d + -147?
-13a
In base 11, what is 3 - -4965?
4968
In base 4, what is 12 - -100232?
100310
In base 15, what is -93 + 6?
-8c
In base 12, what is -5 - -a?
5
In base 16, what is 418 + 4?
41c
In base 10, what is 5608 + 0?
5608
In base 12, what is -7 - 168?
-173
In base 6, what is -4 - 304?
-312
In base 2, what is 10 + -1011001?
-1010111
In base 15, what is 255 + -c?
248
In base 6, what is 13 + 1253?
1310
In base 12, what is 3a2 - -1?
3a3
In base 6, what is -1 + 3214?
3213
In base 11, what is 16 + 23?
39
In base 13, what is b13 + -3?
b10
In base 11, what is 7 + -11a?
-113
In base 2, what is -10010100 - -101?
-10001111
In base 7, what is 0 - -103?
103
In base 14, what is 4bc + -1?
4bb
In base 6, what is -3022 - 2?
-3024
In base 14, what is 23 + -c8?
-a5
In base 5, what is 4 + -311?
-302
In base 13, what is 99 - 13?
86
In base 2, what is 111001011 - -1101?
111011000
In base 4, what is 11 + 311?
322
In base 3, what is 1 + 11012220?
11012221
In base 15, what is 2 - 2c?
-2a
In base 16, what is 9 + 76?
7f
In base 5, what is 22 - 14241?
-14214
In base 14, what is 11 - 3?
c
In ba